s 80f (base 16) in base 13?
c29
-a3 (base 16) to base 2
-10100011
Convert 325b (base 15) to base 5.
320121
What is 102021 (base 3) in base 15?
154
452 (base 7) to base 15
108
What is -110101001 (base 2) in base 15?
-1d5
-d58 (base 16) to base 5
-102131
-419 (base 10) to base 9
-515
What is 360 (base 16) in base 6?
4000
1b0 (base 15) to base 14
1dc
Convert 1b0 (base 15) to base 8.
606
What is -52561 (base 7) in base 6?
-140031
Convert 44668 (base 10) to base 4.
22321330
Convert 105251 (base 6) to base 10.
8959
3311 (base 6) to base 16
2fb
What is 4324 (base 6) in base 4?
33130
What is -17 (base 11) in base 10?
-18
20aa (base 15) to base 11
5212
Convert -bc6 (base 14) to base 15.
-a55
Convert -12203 (base 6) to base 2.
-11100001011
1558 (base 15) to base 7
16235
What is 8bf1 (base 16) in base 12?
18895
-9e1 (base 16) to base 13
-11c7
Convert -4a9 (base 12) to base 6.
-3133
What is -b0b (base 15) in base 11?
-1960
What is -35b7 (base 12) in base 13?
-299b
Convert -11064 (base 7) to base 8.
-5346
Convert -105363 (base 7) to base 14.
-6b6a
-20b6 (base 12) to base 10
-3594
What is 98ee (base 15) in base 11?
22384
Convert -354643 (base 7) to base 4.
-33221323
Convert 1a (base 11) to base 8.
25
Convert 110011100010 (base 2) to base 16.
ce2
-b39 (base 12) to base 8
-3135
What is 3321 (base 5) in base 9?
562
-1010423 (base 5) to base 14
-5d6b
What is 11217 (base 8) in base 3?
20111222
-10001110 (base 2) to base 15
-97
6bc (base 13) to base 4
102101
What is -5627 (base 8) in base 10?
-2967
Convert -213302 (base 5) to base 16.
-1c9f
Convert -121 (base 9) to base 4.
-1210
Convert -10000000000111 (base 2) to base 16.
-2007
-110111101110 (base 2) to base 12
-2092
What is -75550 (base 9) in base 15?
-ec4c
Convert 2210122 (base 3) to base 15.
912
-37bb (base 14) to base 11
-7381
Convert 2448 (base 12) to base 9.
5542
What is -3d24 (base 15) in base 6?
-140324
Convert af9 (base 16) to base 15.
c74
What is -5160 (base 11) in base 6?
-51402
What is -111001110 (base 2) in base 9?
-563
Convert 195 (base 14) to base 11.
278
-1104301 (base 5) to base 4
-10231332
What is -7276 (base 16) in base 13?
-10450
28415 (base 10) to base 3
1102222102
Convert -33324 (base 5) to base 9.
-3178
What is 103116 (base 7) in base 15?
5483
1084 (base 12) to base 10
1828
What is -514 (base 8) in base 14?
-19a
-11376 (base 11) to base 2
-100000000100010
Convert -4047 (base 9) to base 13.
-1468
What is 54a (base 12) in base 7?
2161
Convert 1c8b (base 14) to base 13.
24b6
Convert 3c67 (base 16) to base 6.
155331
-a0 (base 11) to base 5
-420
Convert -132360 (base 9) to base 4.
-103221213
-17004 (base 10) to base 16
-426c
What is -2543 (base 7) in base 8?
-1702
Convert -57702 (base 8) to base 13.
-b209
-c79 (base 16) to base 2
-110001111001
What is 2a7 (base 16) in base 5?
10204
-9e (base 16) to base 12
-112
What is 140220 (base 5) in base 11?
42a9
-31665 (base 11) to base 6
-553111
What is 906 (base 10) in base 11?
754
Convert 77 (base 9) to base 2.
1000110
What is 101012 (base 5) in base 15?
e72
What is 47 (base 11) in base 3?
1220
What is -64152 (base 7) in base 4?
-3313320
Convert -316546 (base 7) to base 4.
-31131313
Convert dac6 (base 15) to base 3.
2100112020
-4550 (base 6) to base 16
-432
Convert 13762 (base 11) to base 3.
222211001
Convert -34c (base 15) to base 13.
-456
-2667 (base 9) to base 8
-3725
Convert -17b (base 16) to base 5.
-3004
What is -44153 (base 7) in base 13?
-5060
322 (base 5) to base 10
87
Convert 74151 (base 8) to base 10.
30825
111352 (base 7) to base 13
8ca1
-10234 (base 11) to base 6
-153024
Convert -2432 (base 5) to base 2.
-101101111
Convert 185 (base 15) to base 5.
2400
What is 20112 (base 5) in base 9?
1674
What is 35400 (base 9) in base 14?
8896
What is 24041 (base 5) in base 12?
1037
Convert 9636 (base 10) to base 12.
56b0
What is 104233 (base 5) in base 7?
13524
Convert 701 (base 9) to base 10.
568
What is 406 (base 15) in base 14?
48a
Convert 26463 (base 10) to base 13.
c078
What is -1110101001011 (base 2) in base 8?
-16513
Convert -21b6 (base 12) to base 6.
-25150
Convert -51b2 (base 14) to base 10.
-14072
Convert 41316 (base 8) to base 14.
6338
Convert 108 (base 14) to base 9.
246
Convert 109 (base 13) to base 6.
454
Convert 858e (base 15) to base 7.
145250
Convert -11110000001001 (base 2) to base 16.
-3c09
Convert -576 (base 11) to base 12.
-494
1175a (base 12) to base 16
5bf6
Convert 22412 (base 5) to base 6.
11235
-100101 (base 4) to base 5
-13131
What is 12010 (base 4) in base 8?
604
-8033 (base 12) to base 10
-13863
1a5 (base 16) to base 8
645
Convert 14354 (base 6) to base 16.
8fe
What is 346c (base 16) in base 4?
3101230
What is -8867 (base 12) in base 6?
-153411
What is -2b0 (base 13) in base 15?
-221
Convert -1b41 (base 12) to base 8.
-6441
What is 7c (base 16) in base 4?
1330
Convert -1823 (base 9) to base 8.
-2566
Convert -3131 (base 10) to base 15.
-ddb
-133013 (base 4) to base 10
-1991
Convert -83 (base 15) to base 12.
-a3
-4070 (base 8) to base 16
-838
12523 (base 14) to base 7
244643
What is 2310130 (base 4) in base 16?
2d1c
Convert -2642 (base 8) to base 6.
-10402
What is -2033 (base 4) in base 14?
-a3
What is -489 (base 12) in base 5?
-10211
-a68 (base 11) to base 12
-8b0
What is -4050 (base 6) in base 12?
-626
What is 101111100 (base 2) in base 4?
11330
What is -4423 (base 5) in base 9?
-751
What is -8 (base 11) in base 9?
-8
8006 (base 16) to base 7
164360
-14582 (base 14) to base 11
-34a27
4425 (base 7) to base 8
3063
Convert c48 (base 13) to base 14.
a92
36 (base 7) to base 12
23
2b2 (base 14) to base 15
268
What is 7b (base 12) in base 10?
95
-15221 (base 8) to base 10
-6801
33230 (base 4) to base 11
833
What is -1645 (base 7) in base 14?
-35c
-4206 (base 8) to base 10
-2182
2012212 (base 4) to base 6
103514
-2211310 (base 4) to base 16
-2974
-4532 (base 6) to base 16
-428
Convert -12031 (base 6) to base 2.
-11011010011
What is 1390 (base 10) in base 2?
10101101110
1110110010 (base 2) to base 10
946
Convert 1122 (base 3) to base 10.
44
-1002441 (base 5) to base 14
-5b88
-5de9 (base 15) to base 7
-112236
Convert -25f (base 16) to base 11.
-502
-4c (base 15) to base 7
-132
Convert 25035 (base 6) to base 11.
285a
Convert -2200122 (base 3) to base 14.
-a01
Convert -1724 (base 16) to base 7.
-23162
Convert 1352 (base 7) to base 13.
317
11192 (base 10) to base 8
25670
What is -2997 (base 13) in base 10?
-6039
What is 54040 (base 8) in base 2?
101100000100000
Convert -8e70 (base 15) to base 11.
-20805
111001010001 (base 2) to base 13
188c
What is 475 (base 16) in base 15?
511
-4435 (base 12) to base 11
-5725
Convert -521321 (base 6) to base 4.
-22031101
What is -48106 (base 9) in base 4?
-13312203
What is -1425 (base 6) in base 7?
-1046
Convert -773 (base 12) to base 7.
-3123
What is -12062 (base 8) in base 14?
-1c54
What is -1158 (base 10) in base 15?
-523
What is a648 (base 11) in base 8?
33410
Convert 1a89 (base 12) to base 9.
4436
What is 8542 (base 13) in base 8?
44053
What is 5069 (base 12) in base 11?
6609
Convert -507 (base 13) to base 7.
-2325
1022222 (base 3) to base 9
1288
What is -1308 (base 15) in base 16?
-fda
What is 121111 (base 3) in base 13?
283
-13902 (base 10) to base 13
-6435
What is 7 (base 16) in base 2?
111
What is 6090 (base 10) in base 3?
22100120
30704 (base 8) to base 16
31c4
What is -14441 (base 7) in base 15?
-12b8
-303 (base 6) to base 7
-216
11033 (base 6) to base 5
22113
Convert 191 (base 10) to base 4.
2333
Convert 540 (base 8) to base 14.
1b2
-5839 (base 10) to base 9
-8007
2511 (base 15) to base 2
1111011010011
a04 (base 14) to base 9
2622
What is 1507 (base 11) in base 4?
132113
What is -10001022222 (base 3) in base 6?
-1141512
What is -ca (base 16) in base 3?
-21111
What is -10720 (base 9) in base 7?
-26556
Convert 4114 (base 5) to base 13.
321
Convert 6a0 (base 11) to base 16.
344
Convert -1035314 (base 6) to base 9.
-77871
Convert -10a1 (base 11) to base 10.
-1442
-25143 (base 6) to base 9
-5110
What is 7e13 (base 15) in base 9?
40670
-1100100001101 (base 2) to base 7
-24461
What is -1032231 (base 6) in base 16?
-c77b
88b (base 16) to base 14
b23
Convert -240313 (base 5) to base 16.
-2281
What is -2553 (base 6) in base 15?
-2d0
202330 (base 5) to base 11
4a51
What is -3133 (base 5) in base 1